{"id":98,"date":"2022-06-03T09:14:36","date_gmt":"2022-06-03T09:14:36","guid":{"rendered":"https:\/\/www.sarahazavendeghaz.hu\/?page_id=98"},"modified":"2025-09-26T08:51:06","modified_gmt":"2025-09-26T08:51:06","slug":"sara-haza","status":"publish","type":"page","link":"https:\/\/www.sarahazavendeghaz.hu\/","title":{"rendered":"S\u00e1ra-H\u00e1za"},"content":{"rendered":"\n<div class=\"wp-block-media-text alignwide is-stacked-on-mobile\" style=\"grid-template-columns:47% auto\"><figure class=\"wp-block-media-text__media\"><img fetchpriority=\"high\" decoding=\"async\" width=\"1024\" height=\"683\" src=\"https:\/\/www.sarahazavendeghaz.hu\/wp-content\/uploads\/2025\/07\/5W4A5648-1024x683.jpg\" alt=\"\" class=\"wp-image-1711 size-full\" srcset=\"https:\/\/www.sarahazavendeghaz.hu\/wp-content\/uploads\/2025\/07\/5W4A5648-1024x683.jpg 1024w, https:\/\/www.sarahazavendeghaz.hu\/wp-content\/uploads\/2025\/07\/5W4A5648-300x200.jpg 300w, https:\/\/www.sarahazavendeghaz.hu\/wp-content\/uploads\/2025\/07\/5W4A5648-768x512.jpg 768w, https:\/\/www.sarahazavendeghaz.hu\/wp-content\/uploads\/2025\/07\/5W4A5648-1536x1024.jpg 1536w, https:\/\/www.sarahazavendeghaz.hu\/wp-content\/uploads\/2025\/07\/5W4A5648-570x380.jpg 570w, https:\/\/www.sarahazavendeghaz.hu\/wp-content\/uploads\/2025\/07\/5W4A5648-380x254.jpg 380w, https:\/\/www.sarahazavendeghaz.hu\/wp-content\/uploads\/2025\/07\/5W4A5648-285x190.jpg 285w, https:\/\/www.sarahazavendeghaz.hu\/wp-content\/uploads\/2025\/07\/5W4A5648.jpg 1920w\" sizes=\"(max-width: 1024px) 100vw, 1024px\" \/><\/figure><div class=\"wp-block-media-text__content\">\n<p class=\"has-text-align-center has-black-color has-text-color has-background has-medium-font-size\" style=\"background-color:#fffaf0\">A S\u00e1ra- h\u00e1za Aba\u00fajban, a Csereh\u00e1t dombvid\u00e9khez tartoz\u00f3 Gagyap\u00e1tiban tal\u00e1lhat\u00f3 h\u00e1rom apartmanos vend\u00e9gh\u00e1z. A telep\u00fcl\u00e9s a Vasonca \u2013 patak piciny oldalv\u00f6lgy\u00e9ben megb\u00fav\u00f3 t\u00f6rpefalu, zs\u00e1ktelep\u00fcl\u00e9s. A h\u00e1z csendes helyen van, sz\u00e9p k\u00f6rnyezetben \u2013 t\u00f6k\u00e9letes lehet\u0151s\u00e9g, ha valaki szeretne elvonulni a nagyv\u00e1rosok zaj\u00e1t\u00f3l.<\/p>\n<\/div><\/div>\n\n\n\n<hr class=\"wp-block-separator has-alpha-channel-opacity\"\/>\n\n\n\n<div class=\"wp-block-media-text alignwide has-media-on-the-right is-stacked-on-mobile\" style=\"grid-template-columns:auto 46%\"><div class=\"wp-block-media-text__content\">\n<p class=\"has-text-align-center has-black-color has-white-background-color has-text-color has-background has-medium-font-size\">A 2900 m2-es f\u00fcves telken l\u00e9v\u0151 apartmanok d\u00e9li fekv\u00e9s\u0171ek, melyeket a Vasonca patak \u00f6vez \u00e9s kil\u00e1t\u00e1ssal b\u00edrnak a k\u00f6rnyez\u0151 dombokra. K\u00e9t apartman k\u00e9tszintes, apartmanonk\u00e9nt 4 f\u0151t tud fogadni, ahol a vend\u00e9gek a tet\u0151t\u00e9rben pihenhetnek k\u00e9nyelmesen. Egy apartman egy szintes, ahol szint\u00e9n 4 f\u0151 f\u00e9r el k\u00e9nyelmesen. A vend\u00e9gh\u00e1z 4 napraforg\u00f3s \u00e9s 4 csillagos min\u0151s\u00edtett sz\u00e1ll\u00e1shely.<\/p>\n<\/div><figure class=\"wp-block-media-text__media\"><img decoding=\"async\" width=\"1024\" height=\"768\" src=\"https:\/\/www.sarahazavendeghaz.hu\/wp-content\/uploads\/2025\/07\/20240920_121342-1024x768.jpg\" alt=\"\" class=\"wp-image-1755 size-full\" srcset=\"https:\/\/www.sarahazavendeghaz.hu\/wp-content\/uploads\/2025\/07\/20240920_121342-1024x768.jpg 1024w, https:\/\/www.sarahazavendeghaz.hu\/wp-content\/uploads\/2025\/07\/20240920_121342-300x225.jpg 300w, https:\/\/www.sarahazavendeghaz.hu\/wp-content\/uploads\/2025\/07\/20240920_121342-768x576.jpg 768w, https:\/\/www.sarahazavendeghaz.hu\/wp-content\/uploads\/2025\/07\/20240920_121342-1536x1152.jpg 1536w, https:\/\/www.sarahazavendeghaz.hu\/wp-content\/uploads\/2025\/07\/20240920_121342-2048x1536.jpg 2048w\" sizes=\"(max-width: 1024px) 100vw, 1024px\" \/><\/figure><\/div>\n\n\n\n<hr class=\"wp-block-separator has-alpha-channel-opacity\"\/>\n\n\n\n<div class=\"wp-block-media-text alignwide is-stacked-on-mobile\" style=\"grid-template-columns:43% auto\"><figure class=\"wp-block-media-text__media\"><img decoding=\"async\" width=\"1024\" height=\"768\" src=\"https:\/\/www.sarahazavendeghaz.hu\/wp-content\/uploads\/2025\/07\/20230728_132252-1024x768.jpg\" alt=\"\" class=\"wp-image-1771 size-full\" srcset=\"https:\/\/www.sarahazavendeghaz.hu\/wp-content\/uploads\/2025\/07\/20230728_132252-1024x768.jpg 1024w, https:\/\/www.sarahazavendeghaz.hu\/wp-content\/uploads\/2025\/07\/20230728_132252-300x225.jpg 300w, https:\/\/www.sarahazavendeghaz.hu\/wp-content\/uploads\/2025\/07\/20230728_132252-768x576.jpg 768w, https:\/\/www.sarahazavendeghaz.hu\/wp-content\/uploads\/2025\/07\/20230728_132252-1536x1152.jpg 1536w, https:\/\/www.sarahazavendeghaz.hu\/wp-content\/uploads\/2025\/07\/20230728_132252-2048x1536.jpg 2048w\" sizes=\"(max-width: 1024px) 100vw, 1024px\" \/><\/figure><div class=\"wp-block-media-text__content\">\n<p class=\"has-text-align-center has-black-color has-text-color has-background has-medium-font-size\" style=\"background-color:#fffaf0\">Az als\u00f3 szinten egy l\u00e9gt\u00e9rben tal\u00e1lhat\u00f3 az el\u0151t\u00e9r, a nappali, a teljesen felszerelt konyha \u00e9s az \u00e9tkez\u0151sarok. A f\u00fcrd\u0151szoba a nappalib\u00f3l ny\u00edlik. A nappali d\u00edsze az egyedileg, t\u00e9gl\u00e1b\u00f3l rakott fat\u00fczel\u00e9s\u0171 kandall\u00f3, amely a hidegebb napokon \u00e9s t\u00e9len romantikus \u00e9s meghitt l\u00e9gk\u00f6rt teremt a besz\u00e9lget\u00e9sekhez. A t\u00fczel\u00e9s Vend\u00e9geink feladata, a t\u0171zif\u00e1t mi biztos\u00edtjuk. <\/p>\n<\/div><\/div>\n\n\n\n<hr class=\"wp-block-separator has-alpha-channel-opacity\"\/>\n\n\n\n<div class=\"wp-block-media-text alignwide has-media-on-the-right is-stacked-on-mobile\" style=\"grid-template-columns:auto 42%\"><div class=\"wp-block-media-text__content\">\n<p class=\"has-text-align-center has-black-color has-white-background-color has-text-color has-background has-medium-font-size\">A vend\u00e9gh\u00e1zban \u00f6nell\u00e1t\u00e1s van, a f\u0151z\u00e9shez az alapanyagokat nem, de a sz\u00fcks\u00e9ges felszerelts\u00e9get biztos\u00edtjuk. H\u0171t\u0151szekr\u00e9ny, be\u00e9p\u00edtett elektromos, ker\u00e1mialapos t\u0171zhely, mikro, v\u00edzforral\u00f3, keny\u00e9rpir\u00edt\u00f3 \u00e9s k\u00e1v\u00e9f\u0151z\u0151 (\u0151r\u00f6lt k\u00e1v\u00e9hoz) gondoskodik a vend\u00e9gek k\u00e9nyelm\u00e9r\u0151l. Term\u00e9szetesen az ed\u00e9nyek sem hi\u00e1nyoznak. N\u00e9gy \u2013 n\u00e9gy szem\u00e9lyre ev\u0151eszk\u00f6z\u00f6k, \u00e9tk\u00e9szletek, poharak \u00e9s b\u00f6gr\u00e9k \u00e1llnak rendelkez\u00e9sre.<\/p>\n<\/div><figure class=\"wp-block-media-text__media\"><img loading=\"lazy\" decoding=\"async\" width=\"1024\" height=\"683\" src=\"https:\/\/www.sarahazavendeghaz.hu\/wp-content\/uploads\/2025\/07\/5W4A5105-HDR-1024x683.jpg\" alt=\"\" class=\"wp-image-1720 size-full\" srcset=\"https:\/\/www.sarahazavendeghaz.hu\/wp-content\/uploads\/2025\/07\/5W4A5105-HDR-1024x683.jpg 1024w, https:\/\/www.sarahazavendeghaz.hu\/wp-content\/uploads\/2025\/07\/5W4A5105-HDR-300x200.jpg 300w, https:\/\/www.sarahazavendeghaz.hu\/wp-content\/uploads\/2025\/07\/5W4A5105-HDR-768x512.jpg 768w, https:\/\/www.sarahazavendeghaz.hu\/wp-content\/uploads\/2025\/07\/5W4A5105-HDR-1536x1024.jpg 1536w, https:\/\/www.sarahazavendeghaz.hu\/wp-content\/uploads\/2025\/07\/5W4A5105-HDR-570x380.jpg 570w, https:\/\/www.sarahazavendeghaz.hu\/wp-content\/uploads\/2025\/07\/5W4A5105-HDR-380x254.jpg 380w, https:\/\/www.sarahazavendeghaz.hu\/wp-content\/uploads\/2025\/07\/5W4A5105-HDR-285x190.jpg 285w, https:\/\/www.sarahazavendeghaz.hu\/wp-content\/uploads\/2025\/07\/5W4A5105-HDR.jpg 1920w\" sizes=\"(max-width: 1024px) 100vw, 1024px\" \/><\/figure><\/div>\n\n\n\n<hr class=\"wp-block-separator has-alpha-channel-opacity\"\/>\n\n\n\n<div class=\"wp-block-media-text alignwide is-stacked-on-mobile\" style=\"grid-template-columns:41% auto\"><figure class=\"wp-block-media-text__media\"><img loading=\"lazy\" decoding=\"async\" width=\"1024\" height=\"768\" src=\"https:\/\/www.sarahazavendeghaz.hu\/wp-content\/uploads\/2025\/07\/1000007706-1024x768.jpg\" alt=\"\" class=\"wp-image-1763 size-full\" srcset=\"https:\/\/www.sarahazavendeghaz.hu\/wp-content\/uploads\/2025\/07\/1000007706-1024x768.jpg 1024w, https:\/\/www.sarahazavendeghaz.hu\/wp-content\/uploads\/2025\/07\/1000007706-300x225.jpg 300w, https:\/\/www.sarahazavendeghaz.hu\/wp-content\/uploads\/2025\/07\/1000007706-768x576.jpg 768w, https:\/\/www.sarahazavendeghaz.hu\/wp-content\/uploads\/2025\/07\/1000007706-1536x1152.jpg 1536w, https:\/\/www.sarahazavendeghaz.hu\/wp-content\/uploads\/2025\/07\/1000007706-2048x1536.jpg 2048w\" sizes=\"(max-width: 1024px) 100vw, 1024px\" \/><\/figure><div class=\"wp-block-media-text__content\">\n<p class=\"has-text-align-center has-black-color has-text-color has-background has-medium-font-size\" style=\"background-color:#fffaf0\">A f\u00fcrd\u0151kben a tiszt\u00e1lkod\u00e1st tusol\u00f3, mosd\u00f3t\u00e1l biztos\u00edtja. Az egyik apartmanban a f\u00fcrd\u0151helys\u00e9g akad\u00e1lymentesen ig\u00e9nybe vehet\u0151. K\u00e9zt\u00f6rl\u0151t, t\u00f6r\u00f6lk\u00f6z\u0151t \u00e9s hajsz\u00e1r\u00edt\u00f3t mi biztos\u00edtunk. Rusztikus, f\u00e1b\u00f3l k\u00e9sz\u00fclt csigal\u00e9pcs\u0151n juthatunk fel a tet\u0151t\u00e9rbe, ahol 2-2 h\u00e1l\u00f3szoba biztos\u00edtja a pihen\u00e9st. 1-1 szob\u00e1ban egy k\u00e9t szem\u00e9lyes, 1-1 szob\u00e1ban pedig k\u00e9t egy szem\u00e9lyes rusztikus fa \u00e1gy tal\u00e1lhat\u00f3. Ruh\u00e1sszekr\u00e9ny, kom\u00f3d, asztal, sz\u00e9kek, \u00e9jjeliszekr\u00e9nyek, \u00e9jjeli l\u00e1mp\u00e1k \u00e9s \u00e1gynem\u0171 szolg\u00e1lj\u00e1k a szob\u00e1k k\u00e9nyelm\u00e9t.<\/p>\n<\/div><\/div>\n\n\n\n<hr class=\"wp-block-separator has-alpha-channel-opacity\"\/>\n\n\n\n<div class=\"wp-block-media-text alignwide has-media-on-the-right is-stacked-on-mobile\" style=\"grid-template-columns:auto 41%\"><div class=\"wp-block-media-text__content\">\n<p class=\"has-text-align-center has-black-color has-white-background-color has-text-color has-background has-medium-font-size\">Az apartmanok egyedi hangulat\u00faak, berendez\u00e9s\u00fck rusztikus vintage st\u00edlus\u00fa, amelynek k\u00fcl\u00f6nleges var\u00e1zsa m\u00e1r els\u0151 l\u00e1t\u00e1sra meg\u00e9rinti az ide pihenni \u00e9rkez\u0151 L\u00e1togat\u00f3t. Az apartmanok berendez\u00e9sekor a term\u00e9szetess\u00e9gre \u00e9s a k\u00e9nyelemre t\u00f6rekedt\u00fcnk. A teraszokon \u00fcl\u0151alkalmatoss\u00e1g \u00e9s asztal tal\u00e1lhat\u00f3, ahol a Vend\u00e9gek reggeli k\u00e1v\u00e9jukat kortyolgatva \u00e9lvezhetik a felkel\u0151 nap langy meleg\u00e9t. Az udvaron a Vend\u00e9gek bogr\u00e1csozhatnak, szalonn\u00e1t s\u00fcthetnek, s\u00e1torozhatnak. A k\u00f6rny\u00e9k remek lehet\u0151s\u00e9get biztos\u00edt t\u00far\u00e1z\u00e1shoz, vad\u00e1sz\u00e1shoz, ker\u00e9kp\u00e1roz\u00e1shoz.<\/p>\n<\/div><figure class=\"wp-block-media-text__media\"><img loading=\"lazy\" decoding=\"async\" width=\"1024\" height=\"683\" src=\"https:\/\/www.sarahazavendeghaz.hu\/wp-content\/uploads\/2025\/07\/5W4A4656-HDR-1024x683.jpg\" alt=\"\" class=\"wp-image-1715 size-full\" srcset=\"https:\/\/www.sarahazavendeghaz.hu\/wp-content\/uploads\/2025\/07\/5W4A4656-HDR-1024x683.jpg 1024w, https:\/\/www.sarahazavendeghaz.hu\/wp-content\/uploads\/2025\/07\/5W4A4656-HDR-300x200.jpg 300w, https:\/\/www.sarahazavendeghaz.hu\/wp-content\/uploads\/2025\/07\/5W4A4656-HDR-768x512.jpg 768w, https:\/\/www.sarahazavendeghaz.hu\/wp-content\/uploads\/2025\/07\/5W4A4656-HDR-1536x1024.jpg 1536w, https:\/\/www.sarahazavendeghaz.hu\/wp-content\/uploads\/2025\/07\/5W4A4656-HDR-570x380.jpg 570w, https:\/\/www.sarahazavendeghaz.hu\/wp-content\/uploads\/2025\/07\/5W4A4656-HDR-380x254.jpg 380w, https:\/\/www.sarahazavendeghaz.hu\/wp-content\/uploads\/2025\/07\/5W4A4656-HDR-285x190.jpg 285w, https:\/\/www.sarahazavendeghaz.hu\/wp-content\/uploads\/2025\/07\/5W4A4656-HDR.jpg 1920w\" sizes=\"(max-width: 1024px) 100vw, 1024px\" \/><\/figure><\/div>\n\n\n\n<hr class=\"wp-block-separator has-alpha-channel-opacity\"\/>\n\n\n\n<p><strong>Sz\u00f3rakoz\u00e1si, sportol\u00e1si lehet\u0151s\u00e9gek:<\/strong><\/p>\n\n\n\n<ul class=\"wp-block-list\">\n<li>B0 jel\u0171 Csereh\u00e1ti ker\u00e9kp\u00e1ros t\u00fara\u00fatvonal \u2013 a t\u00fara\u00fatvonalon bekerekezhetj\u00fck eg\u00e9sz Aba\u00fajt.<\/li>\n\n\n\n<li>Futballp\u00e1lya, j\u00e1tsz\u00f3t\u00e9r<\/li>\n\n\n\n<li>Kir\u00e1ndul\u00e1si lehet\u0151s\u00e9g a k\u00f6rny\u00e9k l\u00e1tnival\u00f3inak felfedez\u00e9s\u00e9re<\/li>\n\n\n\n<li>a Csereh\u00e1t dimbes-dombos lank\u00e1i, n\u00e1dasai, l\u00e1posai, cserj\u00e9s ter\u00fcletei, erd\u0151s\u00e9gei miatt kiv\u00e1l\u00f3an alkalmas vad\u00e1szati tev\u00e9kenys\u00e9gre.<\/li>\n\n\n\n<li>Bakancsos t\u00far\u00e1z\u00e1s<br><br><strong>A k\u00f6rny\u00e9k l\u00e1tnival\u00f3i:<\/strong><\/li>\n<\/ul>\n\n\n\n<ul class=\"wp-block-list\">\n<li>Boldogk\u0151 v\u00e1ra (31 km)<\/li>\n\n\n\n<li>Reg\u00e9ci v\u00e1r-rom (42 km)<\/li>\n\n\n\n<li>Huszita h\u00e1z G\u00f6nc (42 km)<\/li>\n\n\n\n<li>Telkib\u00e1nyai aranyb\u00e1nya, \u00c9rc-\u00e9s \u00e1sv\u00e1nyb\u00e1ny\u00e1szati M\u00fazeum (51 km)<\/li>\n\n\n\n<li>Fony t\u00e1jh\u00e1z (36 km)<\/li>\n\n\n\n<li>Hejce barokk hidak (36 km)<\/li>\n\n\n\n<li>Szanticska n\u00e9pi lak\u00f3h\u00e1zak (14 km)<\/li>\n<\/ul>\n\n\n\n<hr class=\"wp-block-separator has-alpha-channel-opacity\"\/>\n\n\n\n<p class=\"has-black-color has-white-background-color has-text-color has-background\"><strong>Megk\u00f6zel\u00edthet\u0151s\u00e9g:<\/strong> A telep\u00fcl\u00e9s Miskolct\u00f3l kb 50 km-re tal\u00e1lhat\u00f3 \u00e9szak, \u00e9szakkeleti ir\u00e1nyban. A falut, mivel zs\u00e1k telep\u00fcl\u00e9s, csak Baktak\u00e9ken kereszt\u00fcl lehet megk\u00f6zel\u00edteni els\u0151sorban szem\u00e9lyg\u00e9pkocsival. Gagyap\u00e1ti Pet\u0151fi utca 14.<\/p>\n\n\n\n\n\n<p class=\"has-black-color has-white-background-color has-text-color has-background\"><strong>Javasolt megk\u00f6zel\u00edt\u00e9s:<\/strong> Az Als\u00f3gagy helys\u00e9gn\u00e9v t\u00e1bl\u00e1n\u00e1l forduljon balra, 2 km-t haladva el\u00e9ri Gagyap\u00e1tit. A faluba bevezet\u0151 Kossuth Lajos utc\u00e1r\u00f3l a h\u00edd el\u0151tt forduljon jobbra a Pet\u0151fi S\u00e1ndor utc\u00e1ra. Haladjon tov\u00e1bb a patak part ment\u00e9n, ahol az \u00fat a S\u00e1ra \u2013 h\u00e1z\u00e1hoz vezeti.<\/p>\n\n\n\n<figure class=\"wp-block-gallery has-nested-images columns-default is-cropped wp-block-gallery-1 is-layout-flex wp-block-gallery-is-layout-flex\"><\/figure>\n\n\n\n<div class=\"wp-block-senff-sticky-block\" data-topspace=\"0\" data-cfa=\"true\" data-minwidth=\"0\" data-maxwidth=\"99999\" data-pushup=\"\" data-zindex=\"1\"><\/div>\n\n\n\n<img decoding=\"async\" src=\"https:\/\/www.sarahazavendeghaz.hu\/wp-content\/uploads\/2025\/04\/8ad41a49fdb8af0-scaled.jpg\" \n     style=\"position: fixed; bottom: 20px; right: 20px; width: 300px; z-index: 999;\">\n\n\n\n<p><\/p>\n","protected":false},"excerpt":{"rendered":"<p>A S\u00e1ra- h\u00e1za Aba\u00fajban, a Csereh\u00e1t dombvid\u00e9khez tartoz\u00f3 Gagyap\u00e1tiban tal\u00e1lhat\u00f3 h\u00e1rom apartmanos vend\u00e9gh\u00e1z. A telep\u00fcl\u00e9s a Vasonca \u2013 patak piciny oldalv\u00f6lgy\u00e9ben megb\u00fav\u00f3 t\u00f6rpefalu, zs\u00e1ktelep\u00fcl\u00e9s. A h\u00e1z csendes helyen van, sz\u00e9p k\u00f6rnyezetben \u2013 t\u00f6k\u00e9letes lehet\u0151s\u00e9g, ha valaki szeretne elvonulni a nagyv\u00e1rosok zaj\u00e1t\u00f3l. A 2900 m2-es f\u00fcves telken l\u00e9v\u0151 apartmanok d\u00e9li fekv\u00e9s\u0171ek, melyeket a Vasonca patak \u00f6vez<span class=\"post-excerpt-end\">&hellip;<\/span><\/p>\n<p class=\"more-link\"><a href=\"https:\/\/www.sarahazavendeghaz.hu\/\" class=\"themebutton\">Read More<\/a><\/p>\n","protected":false},"author":2,"featured_media":0,"parent":0,"menu_order":0,"comment_status":"closed","ping_status":"closed","template":"","meta":{"_eb_attr":"","ngg_post_thumbnail":0,"footnotes":""},"class_list":["post-98","page","type-page","status-publish","hentry"],"_links":{"self":[{"href":"https:\/\/www.sarahazavendeghaz.hu\/index.php?rest_route=\/wp\/v2\/pages\/98","targetHints":{"allow":["GET"]}}],"collection":[{"href":"https:\/\/www.sarahazavendeghaz.hu\/index.php?rest_route=\/wp\/v2\/pages"}],"about":[{"href":"https:\/\/www.sarahazavendeghaz.hu\/index.php?rest_route=\/wp\/v2\/types\/page"}],"author":[{"embeddable":true,"href":"https:\/\/www.sarahazavendeghaz.hu\/index.php?rest_route=\/wp\/v2\/users\/2"}],"replies":[{"embeddable":true,"href":"https:\/\/www.sarahazavendeghaz.hu\/index.php?rest_route=%2Fwp%2Fv2%2Fcomments&post=98"}],"version-history":[{"count":97,"href":"https:\/\/www.sarahazavendeghaz.hu\/index.php?rest_route=\/wp\/v2\/pages\/98\/revisions"}],"predecessor-version":[{"id":1870,"href":"https:\/\/www.sarahazavendeghaz.hu\/index.php?rest_route=\/wp\/v2\/pages\/98\/revisions\/1870"}],"wp:attachment":[{"href":"https:\/\/www.sarahazavendeghaz.hu\/index.php?rest_route=%2Fwp%2Fv2%2Fmedia&parent=98"}],"curies":[{"name":"wp","href":"https:\/\/api.w.org\/{rel}","templated":true}]}}